 + -26. Let i(r) = p*r + r**2 - 2*r**2 - 29*r - 34*r + 15. Let l be i(-8). Calculate the highest common divisor of l and 77.
7
Let j be 25/(-2)*4/5. Let s be ((-15)/(-25) - -3)*(-25)/j. What is the greatest common factor of s and 15?
3
Suppose 2*s - 237*n = -238*n + 2142, -4*n + 2166 = 2*s. Calculate the highest common divisor of 209 and s.
11
Let j be (6/(-8))/(4/16) + 311. Suppose 306*g = j*g - 180. What is the greatest common factor of g and 10?
10
Let f be 0*5/10 - (-1 - 0). Let b(m) = f - 1 - 7 - 4*m. Let j be b(-4). What is the greatest common divisor of j and 3?
3
Let r be 15096/44 - 5/55. Suppose -3*g + 4*f = -1069, 15*g - 14*g - r = -2*f. What is the greatest common factor of 9 and g?
9
Suppose -1 = 13*u - 12*u. Let o be 66 - -4 - (-1 - u). Let w be ((-32)/(-10))/(4/o). What is the highest common factor of 140 and w?
28
Let n = 2595 + -1643. Calculate the greatest common factor of 68 and n.
68
Let q(m) = m**2 - 2*m + 52. Let s be q(7). Suppose 455 + 9 = 8*k. What is the highest common factor of s and k?
29
Let n be 322/(-92) + 2/4 - -451. Calculate the greatest common divisor of n and 196.
28
Let r(p) = 370*p - 10. Let y be r(3). Suppose 5*w = -0*w + y. Suppose -2*z + w = 3*z. What is the greatest common divisor of z and 8?
4
Let y be 4/14 + (-24)/(-14). Let n(g) = g**2 - 19*g - 65. Let r be n(21). Let s = r + 39. Calculate the greatest common divisor of s and y.
2
Let h(r) = -8*r**3 - 16*r**2 - 15*r - 50. Let v be h(-6). Calculate the highest common factor of 16 and v.
8
Let q = 825 - 701. Let n be 1 + 0 - (-372)/3. Let h = n - q. Calculate the greatest common factor of 17 and h.
1
Suppose -5*p - 93 = -3*y, 5*p = 5*y - 104 + 9. Suppose f + 36 - 13 = 0. Let x = p - f. What is the highest common divisor of x and 2?
1
Let w be (-100)/(-55) - (-4)/22. Suppose -5*o + 6 = b, -w*b + 3*o = 6*o - 26. What is the greatest common divisor of b and 4?
4
Let z(x) = 37*x + 2181. Let i be z(43). What is the greatest common divisor of i and 328?
164
Let i be -2 + (1 + -3)*-3. Suppose 0 = 29*r - 44*r + 32*r - 1088. Calculate the highest common divisor of i and r.
4
Suppose -136 = -4*k - 4*l, -105*l + 110*l = 3*k - 86. Calculate the greatest common divisor of 576 and k.
32
Suppose 304*f - 33*f - 4248 = 35*f. What is the highest common factor of f and 63?
9
Let j(t) = -t**2 - 13*t - 37. Let p be j(-6). Let h(o) = -3*o + 11 + 33 - p + 6. Let b be h(-14). Calculate the highest common factor of 58 and b.
29
Let d = 131 - 128. Let g be (7 + -9 + d)*299. Calculate the greatest common divisor of 13 and g.
13
Let h = -35 + 27. Let d be (-48)/h + 0 + 0. Let c = 21 + -19. What is the highest common divisor of d and c?
2
Suppose -49*r + 47*r = 5*t - 251, -3*t = -5*r + 674. Let a = 145 - r. What is the greatest common factor of a and 3?
3
Let l(i) = 81*i + 5. Let x be l(5). Let v(q) = q**2 - 31*q + 78. Let r be v(29). What is the greatest common divisor of x and r?
10
Let q be ((-4)/4 + 2)*115. Let o(b) = -b**3 - 22*b**2 + 135*b + 10. Let x be o(-27). What is the highest common factor of x and q?
5
Suppose -104 = -3*q + 196. Let v = -91 + q. What is the highest common divisor of 81 and v?
9
Let t = 19605 + -19577. What is the highest common divisor of 574 and t?
14
Suppose -867*q - 611 = -914*q. What is the highest common divisor of 1573 and q?
13
Let y be 24/(-54) - 26/(-18). Let o be (-1)/(y - (3 - (-15)/(-9))). Let q be -3 - -16 - (-1 - -2). What is the highest common divisor of o and q?
3
Let k(f) = f**2 - f - 46. Let c be k(-14). Suppose -q - 64 = -2*l + 43, -3*l = -5*q - c. What is the greatest common divisor of l and 106?
53
Let t(k) = 2*k + 19. Let o be t(-7). Suppose l + o*w - 19 = -0*l, -l - 2*w = -19. Suppose 28*z = l*z + 288. Calculate the highest common factor of 40 and z.
8
Suppose 4*q = 12, 5*q - 3546 = -5*w + 3*q. Calculate the greatest common divisor of 276 and w.
12
Let s = 389 + -382. Suppose -4*z = c - 1232, 4*z + 2*c = s*z - 924. What is the greatest common factor of z and 84?
28
Let d(a) = 25*a**3 - 4*a**2 + 7*a + 15. Let x be d(3). Calculate the highest common divisor of 200 and x.
25
Let n be ((-9)/(-6))/(0 - 4 - 310/(-76)). Let y(c) = -5*c**3 + 6*c**2 + 4. Let h be y(-5). What is the highest common factor of n and h?
19
Let s(i) = -6*i**2 - 16*i**2 - 2*i**3 - 25 - 15*i**2 - 17*i + 6*i**2. Let h be s(-15). What is the highest common factor of h and 25?
5
Let g be 5 - (4/16*-4 + 3). Let i(a) = -a**3 - 3*a**2 - 4*a - 2. Let u be i(-2). Let f be 9 - (u/(-1) + 2). Calculate the greatest common divisor of g and f.
3
Let g(u) = u**3 + 11*u**2 + 10*u - 10. Let d be g(-10). Let h = 18 - d. Calculate the greatest common divisor of 560 and h.
28
Let r(k) = 1206*k - 16874. Let v be r(14). Suppose 390 + 140 = w. Calculate the greatest common factor of v and w.
10
Let r = 251 + -249. Let w be r/3 - (-2626)/39. Calculate the greatest common divisor of w and 612.
68
Let p(s) be the second derivative of 55/3*s**3 + 0 + 15*s**2 - 46*s. Let h be p(4). What is the greatest common factor of h and 47?
47
Let k(i) = i**2 - 6. Let d be 621/115 - 4/10. Let r be k(d). Let o(a) = -a**3 - 4*a**2 - 2*a - 9. Let z be o(-7). What is the greatest common factor of r and z?
19
Let q be 58079/49 - (-30)/(-105). What is the greatest common divisor of 30 and q?
15
Let n be -3 - 2368/(-36) - (-6)/27. Let v = 70 - 34. Let o = -29 + v. What is the highest common divisor of n and o?
7
Let q = 95 - 87. Suppose 8*v = 13*v - 25. Suppose f + v = 21. Calculate the highest common factor of f and q.
8
Let c(w) = 17*w**2 + 13*w - 122. Let b be c(3). Calculate the greatest common divisor of b and 826.
14
Let y be 4400/(-70) + (-1)/7. Let x = 86 + y. Calculate the highest common divisor of x and 437.
23
Let r(b) = 3*b**3 - b**2 - 11*b + 1120. Let s be r(0). Calculate the highest common factor of s and 952.
56
Suppose -5*w + 0*w - s + 29 = 0, 17 = 3*w + s. Let x(v) = -2 - 2*v + 8*v - 2. Let m be x(w). Calculate the highest common factor of 64 and m.
32
Let k = -4506 - -11686. Suppose 4*c + 2*s = 7*s + 7177, 0 = -4*c + 4*s + k. Calculate the greatest common divisor of c and 62.
62
Let w(q) = -q**2 + 91*q - 461. Let a be w(85). What is the highest common factor of 12544 and a?
49
Suppose 312 = -m + 5*m. Suppose 2*l = 3*v + v - 160, -4*v + 154 = l. What is the greatest common factor of v and m?
39
Let h(c) = 2*c**3 + 183*c**2 - 286*c - 647. Let s be h(-93). Calculate the greatest common divisor of 5732 and s.
4
Let d(c) = 382*c + 56. Let n be d(0). Calculate the greatest common factor of 456 and n.
8
Suppose -1583 = 3*z - 1661. Let m = 2003 - 807. Calculate the greatest common divisor of z and m.
26
Let u = -2343 + 2492. What is the greatest common factor of 2831 and u?
149
Let m be (2 - (-12627)/(-234)*-2) + 1/13. What is the greatest common factor of 6 and m?
2
Let f(o) = -o**3 - 14*o**2 - 94*o + 9. Let y be f(-11). Let u = 685 - y. Calculate the highest common divisor of 135 and u.
5
Let z be (30/4)/(-5)*4312/(-33). Calculate the greatest common factor of z and 44.
4
Let c = 10440 + -10415. What is the greatest common divisor of 1765 and c?
5
Suppose -3*z + 4 + 3 = 2*b, 5*z + 2*b = 17. Suppose 5*w - z = r, 3*r + 2*r + 3*w - 59 = 0. What is the highest common divisor of r and 45?
5
Suppose -k - 105 = -159. Let j be 6/10 - (10584/(-60))/6. What is the greatest common divisor of j and k?
6
Let m = 509 + -483. What is the greatest common factor of m and 481?
13
Let a = -2131 + 2069. Suppose 0 = -3*j + 2*i - 303 + 1, -5*j - 3*i - 535 = 0. Let g = a - j. What is the highest common factor of 12 and g?
6
Let z(b) = 12*b + 35. Let q be z(-3). Let w be 97 - ((-8)/q + -11). What is the greatest common divisor of 20 and w?
20
Let d be (11 + (-2)/(-2))*(-35)/(1050/(-14080)). What is the highest common divisor of 44 and d?
44
Let n be (-54)/(-2) + (-1)/1. Let i(w) = 2*w**2 - 91*w - 5777. Let v be i(-36). Calculate the greatest common divisor of v and n.
13
Suppose 0 = -l + 4*q + 410, l - 556 + 142 = 2*q. Let f = 429 - l. What is the highest common divisor of 8 and f?
1
Let j be 69/(-161) + 6/(-35) - (-1268)/5. What is the greatest common divisor of j and 414?
23
Let f be 103 + 8/12*36/3. Calculate the highest common divisor of f and 148.
37
Suppose -1346 = -2*p - 2*t, -873 = -2*p - 3*t + 471. Let q 